+ 266, f + 246 = 5*b - 0*f. Calculate the remainder when b is divided by 14.
8
Suppose -4*y - 259 = 69. Let a(d) = -d**2 + 117*d - 1155. Calculate the remainder when (y/3)/((-10)/15) is divided by a(11).
8
Let b = -4854 + 5482. Calculate the remainder when b is divided by 70.
68
Let m(p) = 2576*p**2 + 7*p + 1. Calculate the remainder when m(-1) is divided by 68.
54
What is the remainder when 53 - 3*140/84 is divided by 2/(-8) + (-255)/(-12)?
6
Suppose -54 = -6*b - 150. Let r(z) = 17*z + 300. Let u = 14 + 4. What is the remainder when r(b) is divided by u?
10
Let m be (231 - 1) + (-1 - -2). Suppose m - 93 = o. What is the remainder when o is divided by 3 + (-48)/20*(-880)/66?
33
Let o be (1/(2/(-4)))/((-7)/217). Let z = 78 - o. What is the remainder when (94/(-4))/((-7)/14) is divided by z?
15
Suppose -40*o + 1530 = -19*o - 1914. Calculate the remainder when 1472 is divided by o.
160
Let a = -1066 - -1892. What is the remainder when a is divided by 93?
82
Suppose -7*h + 54 = o - 2*h, -h = 0. Suppose -5*y - x + 12 = 0, -4 = 2*y + 79*x - 83*x. Suppose -o = -y*j - j. Calculate the remainder when 52 is divided by j.
16
Suppose j - 254 = -k, 2*k - 1 = 3*k. Let y = j - 218. Calculate the remainder when 1072 is divided by y.
36
Let s(l) = -l**2 + 10. Calculate the remainder when s(0) is divided by (183/21 - 7)/((-4)/(-14)).
4
Calculate the remainder when 2094 is divided by 1*2*(6/(-16) + (-8787)/(-232)).
69
Let l(u) = -u**3 - 21*u**2 - 5. Let v = -17 + -4. Let i be l(v). Let s(m) = 2*m**2 + 10*m + 13. Calculate the remainder when 47 is divided by s(i).
8
Let h = -318 + 325. Suppose -3*q - 2*f = -h - 17, 2*q - 16 = f. What is the remainder when 127 is divided by q?
7
Suppose 3*b + 13 + 788 = 0. Let c be 40/(-220)*-11*1/(-1). Calculate the remainder when b/((3 + -1)/c) is divided by 54.
51
Suppose -2*b + 2738 = -3*h - 2442, -2*h = 5*b - 12931. Suppose b*q - 65 = 2582*q. What is the remainder when 4/10 - 759/(-15) is divided by q?
12
Suppose 8 + 147 = 5*j. Suppose 2*o = -13 + j. Let p(v) = -9*v - 2. What is the remainder when p(-7) is divided by o?
7
Suppose 0 = 4*x - 2*g + 7 - 27, 2*g - 8 = 0. What is the remainder when 127 + x/((-35)/25) is divided by 31?
29
What is the remainder when 2/46 - 8684235/(-2415) is divided by 24?
20
Let m = 1 - -2. Let q(n) = 3*n - 5 + 2*n**3 - 2*n**3 + 0*n + 5*n**2 - n**3. What is the remainder when q(5) is divided by m?
1
Suppose -5*z + 0*n = -2*n - 4, 0 = 5*z + 2*n + 4. Let r(w) = 2*w**3 - w**2 - 2*w + 53. Calculate the remainder when r(z) is divided by 49.
4
Let l(c) = -14*c + 80. Let n be l(-9). Let t = 216 - n. Calculate the remainder when 187 is divided by t.
7
Let m be ((-30)/6)/5 - -357. Let p = m - 178. What is the remainder when p is divided by 18?
16
Suppose -5*a + 155 = 45. Let w be ((-2)/6)/(a/(-264)). Calculate the remainder when (328/10)/((-108)/30 + w) is divided by 21.
19
Suppose 2*v = 5*n - 1066, -4*n + 368 = v - 477. Let s = n - 187. What is the remainder when 66 is divided by s?
16
Suppose -25*q = -20*q - 180. Let r = 41 - q. Suppose -v + 50 = v - r*h, h - 39 = -v. What is the remainder when v is divided by 12?
11
Let s = 4365 + -4208. What is the remainder when s is divided by 33?
25
Suppose 0 = -5*l + f - 559, 0 = f - 0*f - 4. Let w = l + 233. Let y = 2463 - 2438. What is the remainder when w is divided by y?
22
Let k(l) = 398*l - 6731. Calculate the remainder when k(17) is divided by 4/(-14) + 344/28.
11
Suppose 0 = -117*u + 106363 + 81071. Calculate the remainder when u is divided by 532.
6
Suppose 2*y = -0*y + 2*o - 16, -4*y = -3*o + 34. Let v(w) = w**2 - 2*w + 13. Let m be v(y). Let n = 205 - m. What is the remainder when n is divided by 25?
22
Let b be (2 + -4)*(-299)/(-2). Let a = b - -320. Calculate the remainder when 57 is divided by a.
15
Suppose f + 313 = 2*v - 180, -4*f = 20. Suppose -45*k - v = -46*k. Calculate the remainder when k is divided by 31.
27
Let m(t) be the first derivative of 5*t**4/4 - 2*t**3 - 3*t**2 - 140. What is the remainder when m(3) is divided by 8?
7
Let l(v) = v**2 - 40*v - 5648. Calculate the remainder when 762 is divided by l(99).
183
Let i = 2837 - 2707. Let m(q) = 0 - 1 - q - 2*q. What is the remainder when i is divided by m(-4)?
9
Suppose -2*d - 10 = -3*d. Suppose -v = 3*z + d, 0 = -5*v - z - 3*z - 50. Let i = v + 50. Calculate the remainder when i is divided by 14.
12
Let k be (-5)/((-15)/6) - 73. Let c = k + 74. Suppose 0 = -5*r + 128 - c. What is the remainder when r is divided by 7?
4
Suppose -2*n - 629 + 83 = 0. Let h = 303 + n. Calculate the remainder when h is divided by 8.
6
Let w(m) = -m**3 + 12*m**2 - 11*m + 53. What is the remainder when w(8) is divided by 56?
53
Suppose -34 = -4*h + 5*n, -n = -3*h + 20 - 0. Calculate the remainder when 347 is divided by (-20)/(-6)*35/20*h.
32
Let o = -5515 - -5582. What is the remainder when 3547 is divided by o?
63
Let d(m) = -m + 9. Suppose -5*u = 2*c - 604, c + 148 = 4*u - 330. Calculate the remainder when u is divided by d(-23).
24
Suppose 24*h + 16*h - 609 = 37*h. What is the remainder when 387 is divided by h?
184
Let d = 510 - 352. Let g = -143 + 199. Calculate the remainder when d is divided by g.
46
Let b(i) = -i**2 + 14*i + 27. Let t be b(14). Let a be 0/(((-6)/9)/(6/t)). Suppose a = 8*m - 3*m - 355. What is the remainder when m is divided by 19?
14
Suppose 4*k = -4*m + 36, 2*k = 6*k - 3*m - 1. Suppose s = -s + 10. Suppose -k*p = 1 - s. What is the remainder when p is divided by 1?
0
Let i be -3 + 0 + -4 + 8. Let a = i - -5. Calculate the remainder when 11 is divided by a.
5
Let z(p) = -4*p - 64. Let r be z(-16). What is the remainder when 1767/9 - (r + 2/6) is divided by 11?
9
What is the remainder when (-3 + -1)/((-383670)/20190 + 19) is divided by 41?
34
What is the remainder when (80/(-6))/(196/(-8526)) is divided by 45?
40
Let f be 0/(3/(-3)) - 482. Let a = f - -498. What is the remainder when a is divided by 11?
5
Suppose l = -4*q - 126, 3*q = -5*l - 1 - 85. Let t be (-8)/3*696/q. Let d = -44 + t. Calculate the remainder when d is divided by 6.
2
Suppose 4*a - d - 80 - 32 = 0, -5*d + 165 = 5*a. Let q = a + -8. What is the remainder when q is divided by 3 + -2*3 - -15?
9
Let p = -3845 + 3860. Calculate the remainder when 697 is divided by p.
7
Let p be 5 + 72/(-30) + (-4)/(-10). Suppose 4*l + p*a - 173 = 0, l + 4*a - 121 = -2*l. Calculate the remainder when 138 is divided by l.
44
Suppose 15*j + 1038 = 9*j. Let y = -150 - j. What is the remainder when 68 is divided by y?
22
Let u(s) = 2*s**3 - s**2 - s - s**3 + 24 - 2*s**3. Let j be (-6)/3 + 0 + (4 - 2). Calculate the remainder when u(j) is divided by 11.
2
Suppose v - 48 = 17*v. Calculate the remainder when 15/v + 9 - -1 is divided by 2.
1
Let p be 4/6 - 0 - 931/(-21). Let d be (-1)/(-4) + p/60. What is the remainder when 30*d - (-24)/(-6) is divided by 5?
1
Suppose -318*y + 631*y + 726 = 319*y. Calculate the remainder when 2364 is divided by y.
65
Suppose 14*h = 17*h - 252. What is the remainder when 167 is divided by h?
83
Let w be (-1)/(-4)*(-20)/5*-9. Let d(v) = 0 - 221*v + 216*v + w. Calculate the remainder when 56 is divided by d(-4).
27
Let j(h) = h**2 - 4*h - 22. Let s be j(7). Calculate the remainder when 94 is divided by (-11)/s + -4 + 6 + -1.
10
Let n = -9 + 9. Suppose 3*z + h - 10 = 0, -4*z = h - n*h - 14. Suppose -4*i = 3*m - 71, -5*i + 37 = z*m - 56. Calculate the remainder when 48 is divided by m.
14
Let q be (-1)/(-6) + 2/(-48)*4. Suppose 8*m - 10*m + 30 = q. Let f = 31 - m. Calculate the remainder when 30 is divided by f.
14
Suppose 405 = -145*j + 154*j. What is the remainder when 451 is divided by j?
1
Suppose -44*h + 4698 = -40*h - 2*v, v = -h + 1176. What is the remainder when h is divided by 20?
15
Let r(x) = -11*x + 6 - 30 - 9*x - x**3 - 3*x - 22*x**2. What is the remainder when 395 is divided by r(-21)?
17
Suppose 253*x + 6406 = 10578 + 9996. Calculate the remainder when 559 is divided by x.
55
Calculate the remainder when 554 is divided by (1644/(-8) + (-140)/(-56))/(1 + -2).
148
Let c = -5797 - -5841. What is the remainder when 98 is divided by c?
10
Calculate the remainder when 3/((-1098)/(-2464) - (-207)/(-483)) is divided by 53.
17
Let v(g) = 4*g + 13. Let c be v(-4). Suppose 4*o - 14 = -3*t, -3*t + 4*o + 0 = 2. What is